+ -15. What is the greatest common factor of d and v?
6
Let d be 11/(55/850)*1. Suppose 19*r - d = 1. Let s(c) = 4*c - 2. Let o be s(2). What is the greatest common factor of r and o?
3
Let z = -313 + 35. Let c = -197 - z. What is the greatest common divisor of c and 135?
27
Let d be 0/(-2) + (-4368)/(-26). Suppose m = 5*p + 49, -m = 4*p - 5 + 1. Calculate the highest common divisor of d and m.
24
Suppose 0*b - b - 517 = -2*t, 3*t = 2*b + 1029. Let c = b - -522. What is the greatest common factor of 3 and c?
3
Suppose -2*z + 202 = 2*w, -3*z + 5*w = z - 359. What is the highest common divisor of z and 3104?
32
Suppose -j = -3*b + 113, 4*b + j + 3*j = 172. Suppose 2*t - 5*c - 45 = -t, 3*t - b = 3*c. What is the highest common divisor of t and 2?
2
Suppose 21*v + 24*v = 55*v - 16830. What is the highest common factor of 306 and v?
153
Suppose -5*w + 145 = 5*v, -73*w - v + 65 = -71*w. What is the highest common divisor of w and 51?
3
Let l be ((546/(-18))/((-2)/21))/((-4)/(-56)). What is the greatest common factor of l and 52?
13
Let b be ((-92)/11)/(-2) - 52/286. Suppose b*d - 133 = 91. Suppose 4*k - 5*k = -d. Calculate the highest common factor of k and 14.
14
Suppose -4*y - j = 5, -5 = -2*y + 6*j - 5*j. Suppose -5*w + 259 + 87 = 2*p, p - 3 = y. What is the highest common factor of w and 476?
68
Let x = -1298 + 1344. Calculate the highest common divisor of 7 and x.
1
Suppose o - 12716 = -3*k, -32*o + 30*o = k - 4232. Calculate the highest common divisor of 80 and k.
80
Let k(h) = h**3 - 18*h**2 + 8*h + 6. Let l be k(20). Let s be (176/(-24))/((-4)/l). Suppose -11*i + 4*i = -s. What is the greatest common factor of i and 23?
23
Let s be 138 - (-2 + 0) - 0. Let z = s + -138. Suppose -4*r = -6*r + c + 178, 2*c = z*r - 174. Calculate the highest common factor of 26 and r.
13
Let f = 17909 - 17762. What is the greatest common divisor of f and 1617?
147
Suppose -16*f + 395 + 161 + 404 = 0. Calculate the greatest common divisor of 321 and f.
3
Let a be (-15)/1*(5 - 11)/6. Suppose 9 = -3*i + a. Suppose f + 5*u = 39, -2*f + 26 = i*u - 12. What is the greatest common divisor of f and 98?
14
Suppose 0 = -4*d - 5*h + 183, 2*h = -0*d - 2*d + 90. Calculate the greatest common factor of d and 231.
21
Let s = 2 + 46. Let q(n) = -n**2 - 670*n - 3313. Let u be q(-5). Calculate the greatest common divisor of s and u.
12
Suppose -15 = 5*z, 0 = 4*s - 3*z - 53 + 8. Let p be -8 + 15 - (-30 + 1). What is the greatest common factor of p and s?
9
Suppose -m - 1842 = -2*x + 3*m, 5*m = 10. Suppose 0*w + w - 179 = -5*j, -5*j - x = -5*w. What is the greatest common factor of 23 and w?
23
Suppose -184*y - 93 = -185*y + 3*c, 4*y = 2*c + 352. Calculate the greatest common divisor of 6 and y.
3
Let m(v) = 3*v**3 + 41*v**2 - 14*v + 12. Let d be m(-9). What is the greatest common factor of d and 795?
159
Let k be ((-7104)/40)/((-1218)/240 + 5). Calculate the greatest common factor of 64 and k.
64
Let j be (50/15 + -4)/(4/(-31374)). Calculate the greatest common divisor of j and 7.
7
Let k be 3 + 2975/49 + (-4)/(-14). Suppose 6*w + 16 = k. Calculate the highest common divisor of w and 6.
2
Suppose 192*c - 147*c - 478 = 62. Let s(n) = -n + 86. Let w be s(0). Suppose 4*j = p - c, 5*j - w - 74 = -5*p. What is the greatest common factor of p and 8?
4
Let w(i) = i**3 + 6*i**2 - 6*i + 27. Let b be w(-7). What is the highest common factor of 980 and b?
20
Let v = 6948 - 6813. Calculate the greatest common factor of v and 205.
5
Let s(r) = 9*r**2 + 11*r - 117. Let d be s(12). Let q be (-9)/(-15) - d/(-15). Calculate the greatest common divisor of 16 and q.
8
Suppose 4*x - 52 = 5*g, -5*x - 108 + 132 = 4*g. Calculate the greatest common divisor of 2392 and x.
8
Let n be (15 - 15) + (-1 - -4 - -2). Let d be (4/(-10))/(n/(-300)). What is the highest common factor of d and 120?
24
Let j be 2 + 18396 + (42/(-70) - (-76)/10). What is the greatest common factor of 45 and j?
45
Let v(s) = 5*s**2 - 2*s + 3. Let o be v(-4). Suppose -2*y - h + 17 = 0, -48*h + 11 = 2*y - 49*h. What is the greatest common divisor of y and o?
7
Suppose 0 = -27*x - 0. Suppose 205*n - 209*n + 600 = x. Calculate the highest common factor of 400 and n.
50
Let k be 8 + (18/(-15))/(2/5). Suppose -g + k*j = 27, 0*g + j = -g - 45. Let b = g - -43. What is the greatest common factor of b and 4?
1
Let n = 372 - 230. Let w = n - 134. Let i be w/(-10)*(-715)/22. Calculate the greatest common factor of i and 91.
13
Suppose 104 = p - 12. Let a(w) = -w**2 + 25*w - 132. Let m be a(8). Calculate the highest common factor of m and p.
4
Let y be (-2)/3 - (-630)/54. Suppose 98 = -3*v + 4*h, -4*v - 5*h - 50 = -2*v. Let s be (-2 - v/(-3))*55/(-20). Calculate the highest common divisor of y and s.
11
Suppose -5*w + 95 = 2*i, 0 = -2*w + 5 - 7. Suppose -5*m - x + 1020 = 4*x, -2*m = 3*x - 412. What is the highest common divisor of i and m?
50
Let n = -882 - -884. Suppose w - n*w + 42 = 0. What is the greatest common factor of w and 357?
21
Suppose -170 = -3*h + 346. Let r = -1066 - -1109. Calculate the greatest common factor of h and r.
43
Let p = 1407 - 1220. What is the highest common divisor of 572 and p?
11
Let t(d) = d**2 - 5*d - 9. Suppose 2*j + k = 6*k - 6, 3*j + 9 = -3*k. Let n be t(j). Calculate the highest common factor of 510 and n.
15
Let i be 0 + -1 + 45/(540/44016). What is the greatest common factor of 1544 and i?
193
Let d = -71 + 87. Suppose -4 = 2*f, 7*f - 4*f + d = p. Suppose -162 = 8*b - p*b. What is the highest common factor of 9 and b?
9
Suppose -223*l + 242*l - 43624 = 0. Calculate the greatest common factor of l and 392.
56
Let l be 16/(-24) - 196/(-6). Suppose -3*h = 8 - l. Let t be ((-112)/(-3))/(48/(-144) - -1). Calculate the greatest common factor of t and h.
8
Suppose -5*g = -2198 - 2797. Suppose 2216*r - 1928*r = 7776. Calculate the greatest common divisor of r and g.
27
Let r(a) = a + 1. Let y(s) = -208*s + 6. Let c(w) = 2*r(w) - y(w). Let m be c(-2). Let k = -208 - m. What is the greatest common factor of k and 24?
24
Let k(x) = 2*x + 45. Let n(b) = 2*b**3 + 35*b**2 - 18*b. Let m be n(-18). Let t be k(m). Let c = 24 + 51. Calculate the highest common factor of c and t.
15
Let j = -5 + 8. Let y(d) = -79*d**3 + 3*d**2 - 5*d + 2. Let b be y(j). Let a be b/(-52) - 3/4. What is the highest common divisor of 10 and a?
10
Let x = 175 + -67. Suppose -5*g + 3*b = 475, -8*b + 5*b + 83 = -g. Let p = g + x. Calculate the greatest common divisor of p and 110.
10
Let j(c) = -c + 7. Let k be j(3). Suppose -5*o = 4*u - 1905, -23*o = -21*o - k*u - 790. Calculate the greatest common divisor of 35 and o.
35
Let w be -4 - -4 - (0 + 0). Let v be (0 - (w + 3)) + 11. Let o be 5*2*(-138)/(-345). Calculate the highest common factor of v and o.
4
Let d = 45 - 40. Suppose 0*v + d*v = 4*n - 562, -5*v + 3*n = 559. Let k = -62 - v. Calculate the highest common factor of k and 32.
16
Suppose 1 = -3*v + t, 0*v - v + 3*t = 11. Let p be (2 - 3) + v/1. Suppose p = 4*o - o - 18. What is the highest common divisor of o and 6?
6
Suppose -415953 = -427*w + 314*w. What is the highest common divisor of w and 36?
9
Let q be (-21)/189 + (30/27 - 1). Suppose -g + 26 - 5 = q. Calculate the greatest common factor of 49 and g.
7
Suppose -16*k + 18 = -13*k + 3*y, 5*y - 18 = k. Let g(d) = 8 - 3*d**2 + 5*d - d**2 + 5*d**2. Let i be g(-7). What is the greatest common factor of i and k?
2
Let w(j) = 11*j**2 - 2*j**3 + 25*j + 23 - 2*j - 18*j. Let g be w(6). Let u(c) = 18*c**2 - c - 2. Let p be u(2). Calculate the greatest common factor of g and p.
17
Let x = -902 - -1630. What is the highest common factor of 832 and x?
104
Suppose -13044 = -2*r + 4*k, 0 = -6*r - 3*k - 7792 + 47029. What is the highest common divisor of r and 24?
8
Let a(x) = 20*x**3 + 320*x**2 - 12*x - 104. Let v be a(-16). Let r(n) = -n**3 + n**2 + 4*n - 8. Let l be r(-6). What is the greatest common factor of l and v?
44
Let n = -22 - -24. Suppose -21 = -g - n*g. Suppose -4*u + 28 = -0. Calculate the greatest common factor of u and g.
7
Let f = 6 - 15. Suppose 61 - 121 = -20*c. Let w be f/(4/(-104)*c). What is the greatest common factor of w and 117?
39
Let f be (5/15)/(1/(-57)). Let n(z) = -2*z**2 - 38*z + 25. Let r be n(f). Calculate the highest common divisor of 20 and r.
5
Suppose 3*b - 16